{"id":687,"date":"2022-02-14T17:44:37","date_gmt":"2022-02-14T17:44:37","guid":{"rendered":"http:\/\/13.36.145.80\/index.php\/trabaja-con-nosotros\/"},"modified":"2026-01-26T09:22:37","modified_gmt":"2026-01-26T09:22:37","slug":"treballa-amb-nosaltres","status":"publish","type":"page","link":"https:\/\/www.agorabcn.com\/ca\/treballa-amb-nosaltres\/","title":{"rendered":"Treballa amb nosaltres"},"content":{"rendered":"\n<div class=\"wp-block-cover is-light\"><img decoding=\"async\" class=\"wp-block-cover__image-background wp-image-32212 size-large\" alt=\"\" src=\"https:\/\/www.agorabcn.com\/wp-content\/uploads\/2026\/01\/Trabaja_portada-optimized-683x1024.webp\" data-object-fit=\"cover\"\/><span aria-hidden=\"true\" class=\"wp-block-cover__background has-background-dim\" style=\"background-color:#a3b4a7\"><\/span><div class=\"wp-block-cover__inner-container is-layout-flow wp-block-cover-is-layout-flow\">\n<div class=\"wp-block-group wrapper\"><div class=\"wp-block-group__inner-container is-layout-flow wp-block-group-is-layout-flow\">\n<h1 class=\"wp-block-heading\" id=\"trabaja-con-nosotros\"><strong>Treballa amb nosaltres<\/strong><\/h1>\n<\/div><\/div>\n<\/div><\/div>\n\n\n\n<div class=\"wp-block-group padding wrapper\"><div class=\"wp-block-group__inner-container is-layout-flow wp-block-group-is-layout-flow\">\n<h2 class=\"wp-block-heading has-text-align-center padding-bottom\" id=\"lorem-ipsum-dolor-sit-amet\"><strong>Uneix-te a la fam\u00edlia \u00c0gora<\/strong><\/h2>\n\n\n\n<div class=\"wp-block-media-text alignwide is-stacked-on-mobile html\"><figure class=\"wp-block-media-text__media\"><img decoding=\"async\" src=\"https:\/\/www.agorabcn.com\/wp-content\/uploads\/2026\/01\/Quienes_somos_jardin-1024x683.webp\" alt=\"\" class=\"wp-image-32187 size-full\"\/><\/figure><div class=\"wp-block-media-text__content\">\n<p>\u00bfT&#8217;agradaria formar part d&#8217;un grup d&#8217;empreses dedicades a la formaci\u00f3 i a oferir serveis d&#8217;hostaleria i turisme de qualitat, des de fa m\u00e9s de 40 anys?<\/p>\n\n\n\n<p>Comparteix el teu talent, coneixement i entusiasme en una organitzaci\u00f3 on tindr\u00e0s la possibilitat de desenvolupar la teva traject\u00f2ria professional d&#8217;acord amb les teves capacitats i inquietuds.<br>Gaudeix treballant amb excel\u00b7lents professionals del turisme en un ambient internacional.<br>Demostra la teva capacitat i voluntat de contribuir en la formaci\u00f3 de les noves generacions de professionals del sector.<br>Ajude&#8217;ns a seguir construint el futur del turisme.<br>Envie&#8217;ns les teves dades per a futures oportunitats.<\/p>\n\n\n\n<p>Les teves dades s&#8217;arxivaran a la base de dades del Grup CETT durant cinc anys, si despr\u00e9s d&#8217;aquest per\u00edode no fas cap modificaci\u00f3 o actualitzaci\u00f3 del teu CV s&#8217;eliminar\u00e0.<\/p>\n\n\n\n<p class=\"btn\"><a href=\"https:\/\/careers.agorabcn.cat\/jobs_preview\" target=\"_blank\" rel=\"noreferrer noopener\">Veure ofertes de feina<\/a><\/p>\n<\/div><\/div>\n<\/div><\/div>\n","protected":false},"excerpt":{"rendered":"<p>Uneix-te a la fam\u00edlia \u00c0gora \u00bfT&#8217;agradaria formar part d&#8217;un grup d&#8217;empreses dedicades a la formaci\u00f3 i a oferir serveis d&#8217;hostaleria i turisme de qualitat, des de fa m\u00e9s de 40 anys? Comparteix el teu talent, coneixement i entusiasme en una organitzaci\u00f3 on tindr\u00e0s la possibilitat de desenvolupar la teva traject\u00f2ria professional d&#8217;acord amb les teves [&hellip;]<\/p>\n","protected":false},"author":1,"featured_media":0,"parent":0,"menu_order":0,"comment_status":"closed","ping_status":"closed","template":"","meta":{"_acf_changed":false,"footnotes":""},"class_list":["post-687","page","type-page","status-publish","hentry"],"acf":[],"yoast_head":"<!-- This site is optimized with the Yoast SEO plugin v27.5 - https:\/\/yoast.com\/product\/yoast-seo-wordpress\/ -->\n<title>Treballa amb nosaltres - \u00c0gora Bcn<\/title>\n<meta name=\"description\" content=\"T&#039;agradaria formar part d&#039;un grup d&#039;empreses dedicades a la formaci\u00f3 i oferir serveis d&#039;hoteleria i turisme de qualitat?\" \/>\n<meta name=\"robots\" content=\"index, follow, max-snippet:-1, max-image-preview:large, max-video-preview:-1\" \/>\n<link rel=\"canonical\" href=\"https:\/\/www.agorabcn.com\/ca\/treballa-amb-nosaltres\/\" \/>\n<meta property=\"og:locale\" content=\"ca_ES\" \/>\n<meta property=\"og:type\" content=\"article\" \/>\n<meta property=\"og:title\" content=\"Treballa amb nosaltres - \u00c0gora Bcn\" \/>\n<meta property=\"og:description\" content=\"T&#039;agradaria formar part d&#039;un grup d&#039;empreses dedicades a la formaci\u00f3 i oferir serveis d&#039;hoteleria i turisme de qualitat?\" \/>\n<meta property=\"og:url\" content=\"https:\/\/www.agorabcn.com\/ca\/treballa-amb-nosaltres\/\" \/>\n<meta property=\"og:site_name\" content=\"\u00c0gora Bcn\" \/>\n<meta property=\"article:modified_time\" content=\"2026-01-26T09:22:37+00:00\" \/>\n<meta property=\"og:image\" content=\"https:\/\/www.agorabcn.com\/wp-content\/uploads\/2026\/01\/Trabaja_portada-optimized-683x1024.webp\" \/>\n<meta name=\"twitter:card\" content=\"summary_large_image\" \/>\n<meta name=\"twitter:label1\" content=\"Temps estimat de lectura\" \/>\n\t<meta name=\"twitter:data1\" content=\"2 minuts\" \/>\n<script type=\"application\/ld+json\" class=\"yoast-schema-graph\">{\"@context\":\"https:\\\/\\\/schema.org\",\"@graph\":[{\"@type\":\"WebPage\",\"@id\":\"https:\\\/\\\/www.agorabcn.com\\\/ca\\\/treballa-amb-nosaltres\\\/\",\"url\":\"https:\\\/\\\/www.agorabcn.com\\\/ca\\\/treballa-amb-nosaltres\\\/\",\"name\":\"Treballa amb nosaltres - \u00c0gora Bcn\",\"isPartOf\":{\"@id\":\"https:\\\/\\\/www.agorabcn.com\\\/ca\\\/#website\"},\"primaryImageOfPage\":{\"@id\":\"https:\\\/\\\/www.agorabcn.com\\\/ca\\\/treballa-amb-nosaltres\\\/#primaryimage\"},\"image\":{\"@id\":\"https:\\\/\\\/www.agorabcn.com\\\/ca\\\/treballa-amb-nosaltres\\\/#primaryimage\"},\"thumbnailUrl\":\"https:\\\/\\\/www.agorabcn.com\\\/wp-content\\\/uploads\\\/2026\\\/01\\\/Trabaja_portada-optimized-683x1024.webp\",\"datePublished\":\"2022-02-14T17:44:37+00:00\",\"dateModified\":\"2026-01-26T09:22:37+00:00\",\"description\":\"T'agradaria formar part d'un grup d'empreses dedicades a la formaci\u00f3 i oferir serveis d'hoteleria i turisme de qualitat?\",\"breadcrumb\":{\"@id\":\"https:\\\/\\\/www.agorabcn.com\\\/ca\\\/treballa-amb-nosaltres\\\/#breadcrumb\"},\"inLanguage\":\"ca\",\"potentialAction\":[{\"@type\":\"ReadAction\",\"target\":[\"https:\\\/\\\/www.agorabcn.com\\\/ca\\\/treballa-amb-nosaltres\\\/\"]}]},{\"@type\":\"ImageObject\",\"inLanguage\":\"ca\",\"@id\":\"https:\\\/\\\/www.agorabcn.com\\\/ca\\\/treballa-amb-nosaltres\\\/#primaryimage\",\"url\":\"https:\\\/\\\/www.agorabcn.com\\\/wp-content\\\/uploads\\\/2026\\\/01\\\/Trabaja_portada-optimized-683x1024.webp\",\"contentUrl\":\"https:\\\/\\\/www.agorabcn.com\\\/wp-content\\\/uploads\\\/2026\\\/01\\\/Trabaja_portada-optimized-683x1024.webp\"},{\"@type\":\"BreadcrumbList\",\"@id\":\"https:\\\/\\\/www.agorabcn.com\\\/ca\\\/treballa-amb-nosaltres\\\/#breadcrumb\",\"itemListElement\":[{\"@type\":\"ListItem\",\"position\":1,\"name\":\"Portada\",\"item\":\"https:\\\/\\\/www.agorabcn.com\\\/ca\\\/\"},{\"@type\":\"ListItem\",\"position\":2,\"name\":\"Treballa amb nosaltres\"}]},{\"@type\":\"WebSite\",\"@id\":\"https:\\\/\\\/www.agorabcn.com\\\/ca\\\/#website\",\"url\":\"https:\\\/\\\/www.agorabcn.com\\\/ca\\\/\",\"name\":\"\u00c0gora Bcn\",\"description\":\"Residencia universitaria internacional en Barcelona\",\"potentialAction\":[{\"@type\":\"SearchAction\",\"target\":{\"@type\":\"EntryPoint\",\"urlTemplate\":\"https:\\\/\\\/www.agorabcn.com\\\/ca\\\/?s={search_term_string}\"},\"query-input\":{\"@type\":\"PropertyValueSpecification\",\"valueRequired\":true,\"valueName\":\"search_term_string\"}}],\"inLanguage\":\"ca\"}]}<\/script>\n<!-- \/ Yoast SEO plugin. -->","yoast_head_json":{"title":"Treballa amb nosaltres - \u00c0gora Bcn","description":"T'agradaria formar part d'un grup d'empreses dedicades a la formaci\u00f3 i oferir serveis d'hoteleria i turisme de qualitat?","robots":{"index":"index","follow":"follow","max-snippet":"max-snippet:-1","max-image-preview":"max-image-preview:large","max-video-preview":"max-video-preview:-1"},"canonical":"https:\/\/www.agorabcn.com\/ca\/treballa-amb-nosaltres\/","og_locale":"ca_ES","og_type":"article","og_title":"Treballa amb nosaltres - \u00c0gora Bcn","og_description":"T'agradaria formar part d'un grup d'empreses dedicades a la formaci\u00f3 i oferir serveis d'hoteleria i turisme de qualitat?","og_url":"https:\/\/www.agorabcn.com\/ca\/treballa-amb-nosaltres\/","og_site_name":"\u00c0gora Bcn","article_modified_time":"2026-01-26T09:22:37+00:00","og_image":[{"url":"https:\/\/www.agorabcn.com\/wp-content\/uploads\/2026\/01\/Trabaja_portada-optimized-683x1024.webp","type":"","width":"","height":""}],"twitter_card":"summary_large_image","twitter_misc":{"Temps estimat de lectura":"2 minuts"},"schema":{"@context":"https:\/\/schema.org","@graph":[{"@type":"WebPage","@id":"https:\/\/www.agorabcn.com\/ca\/treballa-amb-nosaltres\/","url":"https:\/\/www.agorabcn.com\/ca\/treballa-amb-nosaltres\/","name":"Treballa amb nosaltres - \u00c0gora Bcn","isPartOf":{"@id":"https:\/\/www.agorabcn.com\/ca\/#website"},"primaryImageOfPage":{"@id":"https:\/\/www.agorabcn.com\/ca\/treballa-amb-nosaltres\/#primaryimage"},"image":{"@id":"https:\/\/www.agorabcn.com\/ca\/treballa-amb-nosaltres\/#primaryimage"},"thumbnailUrl":"https:\/\/www.agorabcn.com\/wp-content\/uploads\/2026\/01\/Trabaja_portada-optimized-683x1024.webp","datePublished":"2022-02-14T17:44:37+00:00","dateModified":"2026-01-26T09:22:37+00:00","description":"T'agradaria formar part d'un grup d'empreses dedicades a la formaci\u00f3 i oferir serveis d'hoteleria i turisme de qualitat?","breadcrumb":{"@id":"https:\/\/www.agorabcn.com\/ca\/treballa-amb-nosaltres\/#breadcrumb"},"inLanguage":"ca","potentialAction":[{"@type":"ReadAction","target":["https:\/\/www.agorabcn.com\/ca\/treballa-amb-nosaltres\/"]}]},{"@type":"ImageObject","inLanguage":"ca","@id":"https:\/\/www.agorabcn.com\/ca\/treballa-amb-nosaltres\/#primaryimage","url":"https:\/\/www.agorabcn.com\/wp-content\/uploads\/2026\/01\/Trabaja_portada-optimized-683x1024.webp","contentUrl":"https:\/\/www.agorabcn.com\/wp-content\/uploads\/2026\/01\/Trabaja_portada-optimized-683x1024.webp"},{"@type":"BreadcrumbList","@id":"https:\/\/www.agorabcn.com\/ca\/treballa-amb-nosaltres\/#breadcrumb","itemListElement":[{"@type":"ListItem","position":1,"name":"Portada","item":"https:\/\/www.agorabcn.com\/ca\/"},{"@type":"ListItem","position":2,"name":"Treballa amb nosaltres"}]},{"@type":"WebSite","@id":"https:\/\/www.agorabcn.com\/ca\/#website","url":"https:\/\/www.agorabcn.com\/ca\/","name":"\u00c0gora Bcn","description":"Residencia universitaria internacional en Barcelona","potentialAction":[{"@type":"SearchAction","target":{"@type":"EntryPoint","urlTemplate":"https:\/\/www.agorabcn.com\/ca\/?s={search_term_string}"},"query-input":{"@type":"PropertyValueSpecification","valueRequired":true,"valueName":"search_term_string"}}],"inLanguage":"ca"}]}},"_links":{"self":[{"href":"https:\/\/www.agorabcn.com\/ca\/wp-json\/wp\/v2\/pages\/687","targetHints":{"allow":["GET"]}}],"collection":[{"href":"https:\/\/www.agorabcn.com\/ca\/wp-json\/wp\/v2\/pages"}],"about":[{"href":"https:\/\/www.agorabcn.com\/ca\/wp-json\/wp\/v2\/types\/page"}],"author":[{"embeddable":true,"href":"https:\/\/www.agorabcn.com\/ca\/wp-json\/wp\/v2\/users\/1"}],"replies":[{"embeddable":true,"href":"https:\/\/www.agorabcn.com\/ca\/wp-json\/wp\/v2\/comments?post=687"}],"version-history":[{"count":6,"href":"https:\/\/www.agorabcn.com\/ca\/wp-json\/wp\/v2\/pages\/687\/revisions"}],"predecessor-version":[{"id":32213,"href":"https:\/\/www.agorabcn.com\/ca\/wp-json\/wp\/v2\/pages\/687\/revisions\/32213"}],"wp:attachment":[{"href":"https:\/\/www.agorabcn.com\/ca\/wp-json\/wp\/v2\/media?parent=687"}],"curies":[{"name":"wp","href":"https:\/\/api.w.org\/{rel}","templated":true}]}}

<div class="wp-block-cover is-light"><img decoding="async" class="wp-block-cover__image-background wp-image-32212 size-large" alt="" src="https://www.agorabcn.com/wp-content/uploads/2026/01/Trabaja_portada-optimized-683x1024.webp" data-object-fit="cover"/><span aria-hidden="true" class="wp-block-cover__background has-background-dim" style="background-color:#a3b4a7"></span><div class="wp-block-cover__inner-container is-layout-flow wp-block-cover-is-layout-flow">
<div class="wp-block-group wrapper"><div class="wp-block-group__inner-container is-layout-flow wp-block-group-is-layout-flow">
<h1 class="wp-block-heading" id="trabaja-con-nosotros"><strong>Treballa amb nosaltres</strong></h1>
</div></div>
</div></div>



<div class="wp-block-group padding wrapper"><div class="wp-block-group__inner-container is-layout-flow wp-block-group-is-layout-flow">
<h2 class="wp-block-heading has-text-align-center padding-bottom" id="lorem-ipsum-dolor-sit-amet"><strong>Uneix-te a la família Àgora</strong></h2>



<div class="wp-block-media-text alignwide is-stacked-on-mobile html"><figure class="wp-block-media-text__media"><img decoding="async" src="https://www.agorabcn.com/wp-content/uploads/2026/01/Quienes_somos_jardin-1024x683.webp" alt="" class="wp-image-32187 size-full"/></figure><div class="wp-block-media-text__content">
<p>¿T&#8217;agradaria formar part d&#8217;un grup d&#8217;empreses dedicades a la formació i a oferir serveis d&#8217;hostaleria i turisme de qualitat, des de fa més de 40 anys?</p>



<p>Comparteix el teu talent, coneixement i entusiasme en una organització on tindràs la possibilitat de desenvolupar la teva trajectòria professional d&#8217;acord amb les teves capacitats i inquietuds.<br>Gaudeix treballant amb excel·lents professionals del turisme en un ambient internacional.<br>Demostra la teva capacitat i voluntat de contribuir en la formació de les noves generacions de professionals del sector.<br>Ajude&#8217;ns a seguir construint el futur del turisme.<br>Envie&#8217;ns les teves dades per a futures oportunitats.</p>



<p>Les teves dades s&#8217;arxivaran a la base de dades del Grup CETT durant cinc anys, si després d&#8217;aquest període no fas cap modificació o actualització del teu CV s&#8217;eliminarà.</p>



<p class="btn"><a href="https://careers.agorabcn.cat/jobs_preview" target="_blank" rel="noreferrer noopener">Veure ofertes de feina</a></p>
</div></div>
</div></div>

<p>Uneix-te a la família Àgora ¿T&#8217;agradaria formar part d&#8217;un grup d&#8217;empreses dedicades a la formació i a oferir serveis d&#8217;hostaleria i turisme de qualitat, des de fa més de 40 anys? Comparteix el teu talent, coneixement i entusiasme en una organització on tindràs la possibilitat de desenvolupar la teva trajectòria professional d&#8217;acord amb les teves [&hellip;]</p>

<!-- This site is optimized with the Yoast SEO plugin v27.5 - https://yoast.com/product/yoast-seo-wordpress/ -->
<title>Treballa amb nosaltres - Àgora Bcn</title>
<meta name="description" content="T&#039;agradaria formar part d&#039;un grup d&#039;empreses dedicades a la formació i oferir serveis d&#039;hoteleria i turisme de qualitat?" />
<meta name="robots" content="index, follow, max-snippet:-1, max-image-preview:large, max-video-preview:-1" />
<link rel="canonical" href="https://www.agorabcn.com/ca/treballa-amb-nosaltres/" />
<meta property="og:locale" content="ca_ES" />
<meta property="og:type" content="article" />
<meta property="og:title" content="Treballa amb nosaltres - Àgora Bcn" />
<meta property="og:description" content="T&#039;agradaria formar part d&#039;un grup d&#039;empreses dedicades a la formació i oferir serveis d&#039;hoteleria i turisme de qualitat?" />
<meta property="og:url" content="https://www.agorabcn.com/ca/treballa-amb-nosaltres/" />
<meta property="og:site_name" content="Àgora Bcn" />
<meta property="article:modified_time" content="2026-01-26T09:22:37+00:00" />
<meta property="og:image" content="https://www.agorabcn.com/wp-content/uploads/2026/01/Trabaja_portada-optimized-683x1024.webp" />
<meta name="twitter:card" content="summary_large_image" />
<meta name="twitter:label1" content="Temps estimat de lectura" />
	<meta name="twitter:data1" content="2 minuts" />
<script type="application/ld+json" class="yoast-schema-graph">{"@context":"https:\/\/schema.org","@graph":[{"@type":"WebPage","@id":"https:\/\/www.agorabcn.com\/ca\/treballa-amb-nosaltres\/","url":"https:\/\/www.agorabcn.com\/ca\/treballa-amb-nosaltres\/","name":"Treballa amb nosaltres - Àgora Bcn","isPartOf":{"@id":"https:\/\/www.agorabcn.com\/ca\/#website"},"primaryImageOfPage":{"@id":"https:\/\/www.agorabcn.com\/ca\/treballa-amb-nosaltres\/#primaryimage"},"image":{"@id":"https:\/\/www.agorabcn.com\/ca\/treballa-amb-nosaltres\/#primaryimage"},"thumbnailUrl":"https:\/\/www.agorabcn.com\/wp-content\/uploads\/2026\/01\/Trabaja_portada-optimized-683x1024.webp","datePublished":"2022-02-14T17:44:37+00:00","dateModified":"2026-01-26T09:22:37+00:00","description":"T'agradaria formar part d'un grup d'empreses dedicades a la formació i oferir serveis d'hoteleria i turisme de qualitat?","breadcrumb":{"@id":"https:\/\/www.agorabcn.com\/ca\/treballa-amb-nosaltres\/#breadcrumb"},"inLanguage":"ca","potentialAction":[{"@type":"ReadAction","target":["https:\/\/www.agorabcn.com\/ca\/treballa-amb-nosaltres\/"]}]},{"@type":"ImageObject","inLanguage":"ca","@id":"https:\/\/www.agorabcn.com\/ca\/treballa-amb-nosaltres\/#primaryimage","url":"https:\/\/www.agorabcn.com\/wp-content\/uploads\/2026\/01\/Trabaja_portada-optimized-683x1024.webp","contentUrl":"https:\/\/www.agorabcn.com\/wp-content\/uploads\/2026\/01\/Trabaja_portada-optimized-683x1024.webp"},{"@type":"BreadcrumbList","@id":"https:\/\/www.agorabcn.com\/ca\/treballa-amb-nosaltres\/#breadcrumb","itemListElement":[{"@type":"ListItem","position":1,"name":"Portada","item":"https:\/\/www.agorabcn.com\/ca\/"},{"@type":"ListItem","position":2,"name":"Treballa amb nosaltres"}]},{"@type":"WebSite","@id":"https:\/\/www.agorabcn.com\/ca\/#website","url":"https:\/\/www.agorabcn.com\/ca\/","name":"Àgora Bcn","description":"Residencia universitaria internacional en Barcelona","potentialAction":[{"@type":"SearchAction","target":{"@type":"EntryPoint","urlTemplate":"https:\/\/www.agorabcn.com\/ca\/?s={search_term_string}"},"query-input":{"@type":"PropertyValueSpecification","valueRequired":true,"valueName":"search_term_string"}}],"inLanguage":"ca"}]}</script>
<!-- / Yoast SEO plugin. -->

Treballa amb nosaltres - Àgora Bcn

T'agradaria formar part d'un grup d'empreses dedicades a la formació i oferir serveis d'hoteleria i turisme de qualitat?

Àgora Bcn
